*2 + 9*c - 7. Let l be j(6). Suppose -5*z + l - 1 = 0. List the prime factors of 11/z*(-2)/(-1).
11
Suppose 6 = p - 4*p. Let x be (0/p - -27)*1. Suppose f = -2*i + x, 2*i - 78 = -5*f - 31. List the prime factors of i.
11
Suppose 4*a = 8 + 12. List the prime factors of (-6)/(-30) + 64/a.
13
Suppose 20 = 4*b, -o - 2*o - 4*b + 155 = 0. List the prime factors of o.
3, 5
List the prime factors of 281 - (2 + -5 - (-9)/3).
281
What are the prime factors of (2/(-3))/(6/(-225))?
5
Let z = 2 + -2. Suppose -4*j - 43 = -3*f, z = -2*f - f + 3*j + 42. List the prime factors of f.
13
Suppose -4*j + 395 = 3*f, -4*j - 4*f + 245 = -147. List the prime factors of j.
101
Let h be (-1 + -1)/(2/(-4)). What are the prime factors of ((-76)/h)/(3/(-6))?
2, 19
Let i = -8 + -24. Let j = i + 53. Suppose -3*m = 5*w - j, -4*m + 24 = -m + 4*w. List the prime factors of m.
2, 3
Let t = 20 - -102. List the prime factors of t.
2, 61
Let z(m) = -m**3 + 2*m - 6. Let q(u) = -u**3 + 2*u - 7. Let k(o) = 5*q(o) - 6*z(o). What are the prime factors of k(2)?
5
Suppose 0 = -5*t + 5, 3*h - 5*h + 4*t - 6 = 0. List the prime factors of ((-54)/h)/3 - 0.
2, 3
Let s be (-4)/14 - 18/(-14). Let f(k) = 2*k - 1. Let p be f(s). List the prime factors of -1 - (p - 8 - 0).
2, 3
Let c(q) = -5*q + 1. Let t be c(-1). Suppose -t*m = -3*m - 30. What are the prime factors of m?
2, 5
Suppose m - 5 + 2 = 0. What are the prime factors of m?
3
Let a be 3 + 0 + (-4)/2. Let m be a/(-2) + 13/(-2). Let s = -2 - m. What are the prime factors of s?
5
Let w(d) = -d**3 + 6*d**2 + 7*d + 4. Let k be w(7). Suppose o = 4*j - 3*o - 80, -o = -k*j + 86. List the prime factors of j.
2, 11
Let z be (-25)/(-4) + 2/(-8). Suppose z = -3*t - 0*t. Let v = 13 + t. What are the prime factors of v?
11
Let c(s) = s**3 - 6*s**2 - s + 6. Let j be c(6). What are the prime factors of 0 - (-2 + j - 16)?
2, 3
What are the prime factors of -4 - (-28)/((-8)/(-2))?
3
Let y(h) = h - 6. Let k(f) = -4*f + 31. Let n(b) = 2*k(b) + 11*y(b). List the prime factors of n(6).
2, 7
List the prime factors of (-4)/(75/27 - 3).
2, 3
Suppose 23 = 3*s - 7. Suppose -2*m = 5*g - s, -3*m + 2*g + 49 = g. List the prime factors of m.
3, 5
Suppose 3*i = 3, 5*v - 2*v - 5*i - 307 = 0. List the prime factors of v.
2, 13
Suppose 2*b = -4*s + 26, -2*b + 14 = s - 0*s. Suppose -b*p - 5*z + 90 = 0, 5*z - 14 = -4*p + 3*p. List the prime factors of p.
19
Let s = 191 - 80. Suppose 6*t = 3*t + s. List the prime factors of t.
37
Let d(f) = f + 7. Let s be d(-5). Let z be s/6*3 + 12. Suppose -u + z + 9 = 0. What are the prime factors of u?
2, 11
Let z(k) = -2*k + 2*k + k + 16 - 2. List the prime factors of z(-9).
5
Suppose 2*v + 16 = -2*s, -2*s + 0 + 5 = -5*v. What are the prime factors of (-117)/s - (-6)/(-15)?
23
Suppose 0*c + 3*a = -2*c - 18, 4*c = -4*a - 32. Let q be 32/c*(-6)/4. List the prime factors of (15/(-2))/((-6)/q).
2, 5
Suppose 3*h + 5*t = -10 - 2, 5*t + 18 = 3*h. Let d be 2 + (2/h)/2. Suppose -d*y = 4*q - 47, -y + 10 = 4*q - 35. What are the prime factors of q?
11
Suppose -4*t = 5*n - 1 + 5, 4*t - 4*n - 32 = 0. Suppose 5*a - 65 = -5*h, -7*h = -t*a - 2*h + 7. What are the prime factors of a - 1/((-3)/6)?
2, 5
Let f(a) = 3*a**3 - 3*a**2 + 2*a. List the prime factors of f(2).
2
Let j(a) be the first derivative of 5*a**3/3 - a**2 + a + 2. Let h be j(1). What are the prime factors of ((-7)/(-2))/(1/h)?
2, 7
Suppose -362 = -y - 3*y + 5*u, -3*u = 3*y - 285. Let r = y - 43. Let q = r - 27. What are the prime factors of q?
23
Suppose 0 = 12*w - 3810 + 702. List the prime factors of w.
7, 37
Let f(x) = x**3 - 5*x**2 + 5*x + 4. Let a be f(4). Suppose -52 = -4*y - a. Let g = y - 7. What are the prime factors of g?
2
Let a = -89 - -198. List the prime factors of a.
109
Let v(j) = -j**3 + 9*j**2 - 4*j - 9. What are the prime factors of v(8)?
23
Suppose d + 36 = 234. What are the prime factors of d?
2, 3, 11
Let j = -9 - -52. List the prime factors of j.
43
Suppose 2*i - g + 53 = 5*i, 87 = 5*i + g. What are the prime factors of i?
17
Let h(d) = -d + 3. Let u be h(-13). Let t = u + -9. List the prime factors of t.
7
Suppose -3*n + 3 = -12. Suppose n*r - 64 = r. List the prime factors of r.
2
Let v(c) = 2*c**2 + 9*c - 18. List the prime factors of v(10).
2, 17
Suppose -5*t + 5*p + 685 = 0, -588 = -4*t - p - 3*p. List the prime factors of t.
2, 71
Suppose 4*t - 3*t = 5*j + 300, -2*t + 585 = 5*j. What are the prime factors of t?
5, 59
Suppose 4 = -g + 1. Let c = g + 8. Suppose 0 = -2*r + 2*v + 26, 3*r - c*v - 26 = 21. List the prime factors of r.
3
Suppose -w + t = -1, w + 0*t + 4*t = 16. Let f(o) = 0*o**2 - 5*o + w + 4*o**2 + 3 - 3*o**2. What are the prime factors of f(6)?
13
Let f(z) = -z**3 + 3*z**2 + 4*z + 3. Let t be f(4). Suppose 0 = t*a - 8*a + 35. What are the prime factors of a?
7
Let g = 33 - 11. List the prime factors of g.
2, 11
Suppose -4*z - 232 = -6*z. List the prime factors of z.
2, 29
Let h(n) = n**3 - 11*n**2 - 9*n - 5. What are the prime factors of h(12)?
31
Suppose c = 3*c - 168. List the prime factors of (c/(-9))/((-8)/12).
2, 7
Let n(m) = m - 4. Let j(i) = i - 7. Let z(t) = -3*j(t) + 5*n(t). Let g be (4/3)/(3/9). What are the prime factors of z(g)?
3
Let u(h) = h**3 - 5*h**2 - 4*h - 5. Suppose 4*g - 18 = -2*p, 0*p = -2*g - 3*p + 3. What are the prime factors of u(g)?
7
Suppose -3*v - 26 = -461. List the prime factors of v.
5, 29
List the prime factors of (32/10)/(2/5).
2
Suppose -4*h + 0*h = -2*y - 294, -2*y + 363 = 5*h. List the prime factors of h.
73
Suppose -9*d - 743 = -3074. List the prime factors of d.
7, 37
Suppose 6*m + m = 28. What are the prime factors of m?
2
What are the prime factors of 10 + (-1)/(3 + -4)?
11
Let p = -4 + 2. Let d = p + 2. Suppose -j = -d*j - 13. What are the prime factors of j?
13
Let h(v) = -v**2 + 5*v + 3. Let r be h(5). Suppose -1 + 43 = r*t - 2*g, -t = 3*g - 3. What are the prime factors of t?
2, 3
Let a be ((-4)/10)/((-1)/10). Suppose -4*b = -20 + a, -5*b + 20 = 5*r. Suppose r = h + h - 34. What are the prime factors of h?
17
Let m be -6*((-4)/3 + 1). Suppose -4*q + 2*q = m. Let i = 6 - q. List the prime factors of i.
7
Let t(o) = 2*o - 5. Let z be t(-4). Let r be 2/(-3) - 71/(-3). Let u = r + z. List the prime factors of u.
2, 5
Let x(d) = -d**2 - 9*d - 9. Let t be x(-7). Let w(j) = j**3 + 8*j**2 - 11*j - 9. Let o be w(-9). Let v = o - t. List the prime factors of v.
2
Let u = 13 + 13. What are the prime factors of u?
2, 13
Let o(z) = -z**2 - 28*z - 19. List the prime factors of o(-9).
2, 19
Let k(n) = 1 + 5 - n - 2. Let y be k(3). List the prime factors of -1 - (2 + (-12)/y).
3
Let x = -8 - -19. Suppose -5*q = -x + 1. Suppose -q*w = -8 - 8. What are the prime factors of w?
2
Suppose -3*d = 2*d + 30. Let i = d + 31. What are the prime factors of i?
5
Let c = 1 + -1. What are the prime factors of (c - -1)/(5/10)?
2
Let p be -118*((-3)/(-2))/3. Let a = -33 - p. What are the prime factors of a?
2, 13
Let b = -2 + 4. Suppose -5*j - 2*z + 6*z + 51 = 0, 0 = 4*j + 4*z - 12. Suppose 9 = b*p - j. What are the prime factors of p?
2
Let y be (-4)/(-6) + (-49)/(-3). Let r = y - 12. List the prime factors of r.
5
Let f = -5 - -6. Let v be 2 - (4 + -3)*-88. Suppose -2*z - f = -5, 5*z - v = -5*d. What are the prime factors of d?
2
Suppose -169 = j - 2*j. List the prime factors of j.
13
Let b(q) = 10*q**2 - 1. Suppose 3*w = 7*w + 4. List the prime factors of b(w).
3
Let l(n) = n**2 + 4*n + 5. Let f be l(-4). Let h = f + -6. What are the prime factors of 3 + 2 + 1 + h?
5
Suppose 5*c + 7 = 4*s + 35, -s - 4*c + 14 = 0. What are the prime factors of (2 - s/1) + 0?
2
Let t = -27 + -1. Let b = 39 + t. List the prime factors of b.
11
Let h = -41 - -92. What are the prime factors of h?
3, 17
Let k(v) = -5*v - 1. List the prime factors of k(-3).
2, 7
Let h(q) = 5*q**3 + q**2 + q - 1. Let u be h(-2). Let x = u - -84. Suppose -o = -6*o + x. What are the prime factors of o?
3
Let a(s) = -2*s**3 - 2*s**2 + s - 1. Let j be a(-2). Let d = 12 + j. What are the prime factors of d?
17
Let j = -1 - -2. Let w(x) = 4*x**2 - 2*x + 2. Let k be w(3). List the prime factors of j/(-3) - k/(-6).
5
Let q(m) = 17*m**3 + m - 1. List the prime factors of q(1).
17
Let y be (-3 + 39/3)/2. Suppose y*s - 45 = 35. List the prime factors of s.
2
List the prime factors of